 0 = 2*j + n + 10. Is (l/30)/(1/(-3)) - j a composite number?
False
Let b be ((-10)/(-4) - 2)*10. Let f be (-8*1)/(6/6 - 2). Suppose -3*w = -f*w + 5*c + 8260, 5*c - 8310 = -b*w. Is w a composite number?
False
Let v be (1 + -2)/((-2)/34). Suppose 6*g + v = -1. Let t(s) = -57*s**3 + 2*s**2 - 2. Is t(g) a prime number?
False
Let s(o) be the second derivative of -5*o**3/6 - 49*o**2/2 - 32*o. Let l be s(-10). Is 81/27 + (266 - 0/l) prime?
True
Suppose 0 = 16*a - 15*a - 1695. Let m = a - 302. Is m prime?
False
Let d = 7 - 2. Suppose -4*p = d*v + 17, -2*v = p - v + 3. Suppose -2*g + 654 = p*l, 4*l + 132 = 2*g - 546. Is g composite?
False
Let u(x) = -2*x**2 - 28*x + 3. Let i(t) = t**3 + 11*t**2 + 9*t - 19. Let y be i(-10). Is u(y) composite?
True
Let h be ((-1 - -13) + -19)/((-2)/(-3442)). Let k = -6336 - h. Is k a composite number?
False
Let h(a) = -10*a**3 - 5*a**2 + 20*a. Let j(g) = 21*g**3 + 9*g**2 - 39*g + 1. Let n(k) = 5*h(k) + 2*j(k). Is n(-13) a composite number?
True
Suppose -3 = 45*j - 42*j, -2 = -p - 3*j. Suppose 0 = -p*f + 4514 + 32491. Is f prime?
False
Let v(p) = -12*p + 0*p**2 - 2*p**2 + 6 + 18*p. Let q be v(5). Is 4/q + 38340/28 a composite number?
True
Suppose -4*a + 2*y = -8, 0 = 3*a - 4*y + y - 6. Suppose 2*u + a - 66 = 0. Is u/48*5514/4 + 4 composite?
True
Is (-670 - -669)/((1/52163)/(-1)) composite?
False
Suppose 6*u = 5*u + 19. Suppose -19462 = -u*p + 8107. Is p a prime number?
True
Let f be (-2 - -53) + 8/(1 + -3). Suppose 7*k = 296 + f. Is k a prime number?
False
Let x(b) = 1541*b**3. Let n be x(1). Suppose 6*l - 3*l - 1157 = t, 4*l = 3*t + n. Let d = -91 + l. Is d a prime number?
False
Let m be (-6 - (-2 - -2))/(20/(-70)). Let l = m - 11. Is 1 + (-4143)/(-6) + (-5)/l composite?
False
Suppose 338*s - 369*s = -5061029. Is s a composite number?
False
Let j be (967/(-3))/(13/(-2496)). Suppose -25*l + j = 7*l. Is l a composite number?
True
Let f = -23 + 94. Let g = f + -67. Let l(p) = 14*p**3 - 6*p**2 - 2*p + 11. Is l(g) composite?
True
Suppose -4714 = -4*g + 2*f + 2994, 3*g - 4*f - 5786 = 0. Let s = g + -845. Is s a composite number?
True
Let s(k) = 72273*k**2 + k + 1. Let x be s(1). Suppose 3*n = 197876 - x. Is n prime?
False
Suppose -10*k = 13*k - 598. Suppose -k*o - 16514 = -28*o. Is o a prime number?
False
Let a(d) = 751*d + 30. Let c be a(4). Let g = 4652 - c. Is g a prime number?
False
Let n = 797277 - 448154. Is n a prime number?
False
Let b be (0 - 71265/6)*(-448)/140. Is (15/6)/(4/b*1) prime?
False
Suppose 584*c - 29029 = 577*c. Let f = c + -690. Is f composite?
False
Let s be 4 + (-4)/3 - (-4)/(-6). Let j be 1/s + ((-16209)/(-6) - 1). Suppose -10*g = -j - 609. Is g composite?
False
Suppose 50553 = 5*g + 3*u, -50554 = -5*g - 0*u - 4*u. Suppose g = 6*x + 3966. Suppose 5*l - a - x = 0, -2*a - 613 = -3*l - 0*a. Is l composite?
True
Let t(b) = -b**3 + 7*b**2 + 19*b - 5. Suppose 0 = 3*o - 18 - 9. Let h be t(o). Let v(l) = 10*l**3 + 3*l**2 - 2*l - 9. Is v(h) a composite number?
True
Suppose 0 = k + 2, 33*k - 37*k = -9*w + 5578811. Is w prime?
True
Suppose 349*p = 344*p + 720. Let a = 211 - p. Is a a composite number?
False
Suppose -13*y = -45 + 6. Suppose 1083 = y*r + 150. Is r a composite number?
False
Suppose -5*j = -15, -3*d - 25*j + 1261728 = -26*j. Is d composite?
True
Suppose -51*x = -55*x + 5*d + 200754, -2*x + 100376 = -3*d. Is x prime?
False
Suppose t = -5*r + 3153, -3*t - 3*r = -14610 + 5163. Let s be t/18 - (448/(-63) + 7). Let d = s + 268. Is d a prime number?
True
Suppose 0 = s - 97*n + 92*n - 127797, 383429 = 3*s + 4*n. Is s composite?
False
Suppose -5*s + 3*b + 16 = 0, 2*s - 4*b = -7*b - 2. Is 31022/2*(-2)/s*-1 a prime number?
True
Suppose -292*x + 295*x - 2*k = 1465713, 5*k = -x + 488537. Is x composite?
False
Suppose -152*w + 154*w = -188. Is w*(-4)/(16/346) a prime number?
False
Let b = -550 - -555. Suppose 18831 = 3*x - b*c + 6794, -3*c = -5*x + 20051. Is x a prime number?
False
Let t = -256 + -497. Let m = 1384 + t. Is m a composite number?
False
Let t(l) = -36563 + 36570 + 40*l - 30*l - 118*l. Let w = -7 - -4. Is t(w) a prime number?
True
Is (-31)/((-5859)/42) + (-29026263)/(-27) a prime number?
False
Let v = 852172 - 335279. Is v a prime number?
False
Suppose -3*u - 64491 + 839404 = 4*l, -1033187 = -4*u - l. Is u a composite number?
True
Let h(y) = 1081*y - 27. Suppose 5*b = -23 - 7. Let s be h(b). Let p = -4466 - s. Is p a composite number?
True
Suppose 2102667 = -11*g + 37*g - 5*g. Is g prime?
False
Let r(d) = -54*d - 29. Suppose -3*v = -3*f - 348, 5*v + 2*f - 566 = -0*f. Suppose v = -20*q + 14*q. Is r(q) a prime number?
True
Let z = 40554 - -32917. Is z a prime number?
True
Suppose -4*x - 2*x + 132 = 0. Let t = 19 - x. Is (0 + (-4311)/t)/3 prime?
True
Let f = -1184 + 1664. Let w = 1841 - f. Is w a prime number?
True
Let a be (87 - 89)*14/(-4). Let u(t) = 72*t**2 - 48*t - 11. Is u(a) prime?
True
Let o be (-4 + 6)/6 + 2/(-6). Suppose -9811 = -5*f - 2*k, f + 2*k - 1967 = -o*f. Is f a composite number?
True
Let u be (-396)/(-72) + 2/(-4). Suppose 5*b = u*o + 1810, 3*o + 378 = b - 2*o. Let q = 3311 - b. Is q a prime number?
True
Let a = -51 - -46. Let l(w) = 43*w**2 - 5*w - 20. Let t be l(a). Let n = t - 761. Is n prime?
False
Let l = 282 - 278. Suppose 16*x + l*x = 38980. Is x a composite number?
False
Let f be (-1)/(-5) + (-31710)/50. Suppose -20*w - 12 + 112 = 0. Is (f/8)/(w/(-20)) prime?
True
Suppose 308415 - 3378111 = -128*b + 1365632. Is b a prime number?
True
Let m(v) = v**3 - 7*v**2 - 10*v + 46. Let w be m(8). Suppose -19*j + w*j = 228151. Is j composite?
True
Let q(c) be the second derivative of -c**5/20 - 7*c**4/6 - 11*c**3/6 + 19*c**2/2 - 4*c. Let n be q(-13). Is 94/(-2 - -3)*n/(-2) a composite number?
True
Let u = 245778 + -113949. Is u prime?
False
Let p be (-4)/10 + 7/5. Let n be 17 - (p - (2 + -5)). Suppose -10*g + n*g - 13958 = -4*d, -2*g + 3487 = d. Is d a composite number?
False
Let y(h) = -h**2 + 9*h - 6. Let l be y(9). Let b(q) = -2034*q - 107. Is b(l) a prime number?
True
Suppose 20114 = 5*c + 3809. Is c/(-9)*(-4 - 2) composite?
True
Suppose 65343 = p - 5*r, -2*p = -30*r + 34*r - 130714. Is p a prime number?
True
Let r(q) = -1069*q + 538. Is r(-19) prime?
True
Let m be (3 + 11/(-2))*16/(-10). Suppose 5*f - 1236 = m*f. Let y = -769 + f. Is y a prime number?
True
Let s be (-2 - 8)*(-684)/15. Let u be -5 + 12 + 11001/3. Suppose s + u = 10*v. Is v a composite number?
True
Suppose -21086 = -7*b + 424041 - 43950. Is b composite?
True
Let s(d) = 10*d**2 + d + 63. Let h(z) = 2*z**3 + z**2 - 5. Let g be h(2). Suppose -2*x + 4*w = -40, -3*x + 2*x + w = -g. Is s(x) composite?
True
Suppose 4*j + r - 2*r - 513 = 0, -2*j + 2*r + 252 = 0. Let f = -1031 - -989. Let d = j + f. Is d a composite number?
True
Let u = 3787 - -776. Suppose 5*q - 29975 = -4*z - u, 4*q = 0. Is z a composite number?
False
Let v(l) = l**2 + 16*l + 39. Let s be v(-13). Is -6 - -223*(s - -13) a composite number?
True
Suppose 0*f = -7*f + 35. Let s(a) = -96*a + 9. Let d be s(-2). Suppose f*b = d + 584. Is b composite?
False
Suppose 30*b + 493755 = 33*b. Suppose -4*l + 225664 = 4*u, -3*u - b = -5*l + 117471. Is l a prime number?
False
Let b(z) = 296*z - 184. Let x(v) = -197*v + 123. Let c(o) = 5*b(o) + 7*x(o). Let m(i) = -51*i + 30. Let l(g) = -2*c(g) - 5*m(g). Is l(21) composite?
True
Let c(o) = o**3 - 2*o**2 + 8*o - 7. Let y be c(2). Is 368718/(-56)*(-12)/y composite?
False
Let n(u) = 2*u**2 + 17*u + 3*u**2 - 34*u - 5 + 22*u. Let q(g) = -2*g**2 - 2*g + 2. Let h(r) = -3*n(r) - 8*q(r). Is h(4) a prime number?
True
Suppose 4*m - 2*p = 3*p + 5097, 0 = -2*p - 10. Let u = m - 535. Suppose -5*c = -4*b - 1271, -3*c + u = 6*b - b. Is c a composite number?
False
Let t be (-9)/2 - 2/(-4). Suppose -4*g = -2*a - 356, -5*g - a - 101 + 539 = 0. Is (-1)/t + 8514/g a composite number?
False
Is (-80)/15*-3 + 356647 a prime number?
True
Suppose 9*q - 4*q = 20. Suppose b = -0*b + 4*s - 4, 0 = -b - 4*s + q. Is (b - -2) + 6 + 0 + 323 composite?
False
Suppose -19*n - 43*n - 10565972 = -30083634. Is n a prime number?
False
Let n(p) = 636*p**2 + 36*p - 283. Is n(16) composite?
False
Let t(i) = 2*i - 3. Let o be t(3). Suppose -3*z = 4*p - 131 - 5, o*z = -p + 151. Let d = 33 + z. Is d a composite number?
True
Let o = 133334 - 85443. Is o prime?
False
Su